Calculate the highest common factor of 220 and u.
55
Suppose -k = c - 4*k + 119, -6 = 3*k. Let l be (-5)/5 - c - 3. Calculate the highest common divisor of 22 and l.
11
Suppose 3*r = r + 104. Let p(h) = -6*h + 30. Let c be p(-8). Calculate the highest common divisor of c and r.
26
Let w be 268 + -24 + -11 + 23. What is the greatest common factor of w and 736?
32
Let a be (54/(-45))/(3/10) + 779. Calculate the greatest common divisor of 31 and a.
31
Let i(u) = -2*u**2 + 34*u - 44. Let c be i(13). Suppose -c*j + 49*j + 121 = 0. What is the highest common factor of j and 22?
11
Let r(w) = 389*w - 6554. Let q be r(18). What is the greatest common divisor of q and 98?
14
Let c be (-1*(-2)/(-6)*0)/2. Suppose 5*s - 2*s - 18 = c. Suppose -4*a + 46 = -r, 0 = 2*r + r - s. What is the highest common factor of a and 60?
12
Let j(f) = -f**2 - 141*f - 3550. Let v be j(-33). What is the highest common factor of 3892 and v?
14
Let j(i) = 70*i + 1119. Let k be j(-15). Calculate the highest common divisor of k and 851.
23
Suppose -2878 = -f + g, 5*f - 5757 = 3*f + 3*g. Calculate the greatest common divisor of 63 and f.
21
Let q be (14 - 15)/(4/(-724)) - 6. Calculate the greatest common divisor of q and 100.
25
Let g be 435591/468 - (-10)/8. What is the highest common divisor of g and 16?
4
Suppose 818 + 226 = 2*g. What is the highest common divisor of g and 108?
18
Let b = 2031 + -3519. Let s be (b/(-32))/(6/20). What is the greatest common factor of 31 and s?
31
Let m be (-36)/(-3)*112/21. Let z = 48 - m. Let v = -12 - z. What is the greatest common divisor of 2 and v?
2
Let n(d) = -d**3 + 15*d**2 - 38*d - 1. Let b be n(4). Calculate the highest common divisor of 184 and b.
23
Let k = -36962 + 37490. Calculate the greatest common factor of 4620 and k.
132
Suppose 5*o = 5*r - 95, 3*r = 4*o - 3*o + 59. Suppose 0 = -5*x - 12 - 8. Let t be -2 + (-1 - -3) - x. Calculate the greatest common divisor of t and r.
4
Suppose 258*p - 2125032 = 76*p. What is the highest common divisor of p and 84?
84
Suppose 7*a + 138 = -128. Let p = a - -41. Let r(o) = o**3 - 4*o - 1. Let z be r(p). Calculate the highest common factor of z and 14.
14
Suppose -20 = -21*p + 43. Suppose -4*f - 4*t + 652 = 0, p*t = f - 0*f - 159. What is the highest common divisor of f and 18?
18
Let v(x) = 125*x - 569. Let c be v(5). Calculate the highest common factor of 644 and c.
28
Let o be 34/((-476)/1050)*(-10)/25. What is the highest common factor of o and 1110?
30
Let v(m) = 5*m**3 - 6*m**2 - 2*m - 26. Let y be v(3). Calculate the highest common divisor of 231 and y.
7
Let z be 24/(-18) + -4 + (-515)/(-15). Suppose -2*j = -3*n - z, 29*j - 25*j + 5*n - 47 = 0. Calculate the greatest common divisor of j and 403.
13
Suppose 52988 + 5843 = 122*l - 2657. What is the greatest common factor of l and 2196?
36
Suppose 4 = -4*v, 402 = 3*s + v - 767. Calculate the highest common factor of 75 and s.
15
Let i be 13/((-1196)/(-1096)) + -12 + 25994/46. Calculate the greatest common factor of i and 155.
5
Let k be (-11666)/(-36) - 191/3438. What is the greatest common divisor of k and 3186?
54
Let f be ((18 - 3)/(1/(-1)))/1. Let j be (f/5 - 0) + 5. Let d be 1/(((1 + j)/9)/42). Calculate the greatest common divisor of d and 18.
18
Let r(z) = 2*z**2 - 11*z + 11. Let q be r(5). Let u be (q/(-4))/(((-234)/264)/13). Calculate the highest common divisor of 55 and u.
11
Suppose 2*z = 3*l - 175, -4*z + z - 290 = -5*l. Calculate the highest common factor of l and 5.
5
Let m be 2/(-2) - (42 + -23). Let c(t) = -t**2 - 25*t - 58. Let z be c(m). Calculate the greatest common divisor of z and 966.
42
Suppose b - 16272 = 13*b. Let c be 69/(-115) + b/(-10). What is the highest common factor of 90 and c?
45
Suppose 69 + 525 = 2*x. Let w = -117 + 115. Let z be w/(2/(-6) - 49/(-189)). Calculate the highest common divisor of z and x.
27
Suppose 0 = o + 2*o, 4*o = -5*k + 25. Suppose -303 - 47 = -k*y. Let x be ((-28)/(-5))/((-5)/(-25)). Calculate the highest common factor of y and x.
14
Suppose -4*c - 60 = -0. Let y(s) = 5*s**2 + 61*s + 20. Let b be y(c). Calculate the highest common factor of 10 and b.
10
Suppose -10331 = 68*m - 13430 - 25665. Calculate the greatest common factor of 27 and m.
9
Let f = 64 + -62. Let h(i) = 6*i**3 - 12*i**f + 11*i + 10*i**3 + i**2 - 1 - 15*i**3. Let p be h(10). Calculate the highest common factor of p and 27.
9
Let t(f) = 38*f**2 - 17*f - 27. Let h be t(-3). What is the greatest common factor of h and 102?
6
Let s = -7839 + 8387. Calculate the highest common divisor of s and 3.
1
Let u = -144 + 249. Suppose 3*y + 56 - 45 + 136 = 52*y. Calculate the highest common factor of y and u.
3
Let n(m) = m**3 - m**2 - 11*m - 13. Let y be n(-5). Let z = -58 - y. What is the greatest common divisor of z and 50?
50
Suppose 10*h - 9*h = 56. Suppose -172*o + 97104 = 117*o. What is the greatest common factor of o and h?
56
Let d(b) = -2*b**2 + 57*b - 11. Let t be d(27). Let j be -2 + (28/t)/((-2)/(-580)). What is the greatest common factor of 76 and j?
38
Suppose 2*z + z - 2*i = 2, 0 = i - 2. Suppose 3*l - 31 = z*h + 2*h, 2*l = -5*h + 13. What is the greatest common divisor of l and 45?
9
Suppose 2*f + 4*h - 28 = -2*f, 4*h - 4 = -f. Suppose -13*j + f*j = -20. What is the greatest common divisor of 28 and j?
4
Let g = 0 - -25. Suppose -3*x + 281 = -g. Suppose x = -9*k + 12*k. Calculate the highest common divisor of 68 and k.
34
Let b be (((-20)/8)/(435/(-58)))/((-2)/(-4524)). What is the highest common divisor of b and 290?
58
Let v(q) = 1951*q**2 + 653*q - 1308. Let i be v(2). Calculate the highest common divisor of 249 and i.
83
Let a(k) = k**2 + 11*k + 2. Let m be a(-14). Let h be (0 - 4)*4/8*-20. Calculate the highest common factor of h and m.
4
Suppose 4*a = -4, 5*s - 3 = 5*a + 22. Let f be 241 + (s - 5)/1*5. Calculate the highest common factor of 177 and f.
59
Let c(w) = 48 + 5*w - 52 - 2*w**3 - 5*w**2 + 3*w**3. Let b be c(4). Suppose b*a - 88 = -4*a. What is the greatest common divisor of a and 33?
11
Suppose -5*a = -3*i - 38, 3*i = 4*i + 3*a + 8. Let n be (-10)/((-53)/i + -5). Suppose 0 = 3*x + 8*x - n. Calculate the greatest common factor of x and 5.
5
Let c(f) = -5*f**2 + 106*f - 6. Let r be c(20). Suppose -132*n + 954 = -r*n. What is the greatest common factor of 106 and n?
53
Let f(y) = -y**3 - 4*y**2 - 5*y - 2. Let a be f(-3). Suppose 498 = 114*l - 642. Calculate the greatest common divisor of l and a.
2
Suppose -104*m + 100*m = -1008. Let q = -247 + m. What is the greatest common divisor of 115 and q?
5
Let p(r) = 1889*r**2 + 69*r - 70. Let v be p(1). What is the highest common factor of 48 and v?
16
Suppose -4*d - 29 = -4*k + 31, 2*d = -4*k + 42. Let n(p) = 2*p**2 - 125*p - 144. Let z be n(64). Calculate the greatest common divisor of k and z.
12
Suppose -13*a - 4545 - 4555 = -83*a. What is the greatest common divisor of a and 30?
10
Let t(i) = -2*i**3 - 7*i**2 - 14*i - 49. Let s be t(-5). Calculate the highest common factor of 3552 and s.
96
Let a = -1 + 7. Let w be 23 + -12 - (60/5 + -5). Suppose -w*z - 24 = -a*z. Calculate the highest common factor of 24 and z.
12
Suppose 2140 = 3*r - 5*c, -3*r - 7*c + 2203 = -3*c. What is the greatest common divisor of r and 175?
25
Let k be 2460/70 - 24 - (-54)/63. Let v be (10/6)/((-1)/(-18)). Calculate the highest common divisor of k and v.
6
Let v(q) = -q**3 + 33*q**2 - 42*q - 875. Let n be v(30). What is the highest common factor of n and 2712?
113
Let i = -328 + 612. Suppose -3*j = -4*y + i, j + 3*y - 2*y + 97 = 0. Let q be (j/(-20))/(-3 - (-63)/20). Calculate the greatest common factor of q and 8.
8
Let s(v) = 11*v**2 + 739*v + 145. Let f be s(-83). Calculate the highest common factor of f and 29.
29
Suppose -25*k - 17*k + 17*k = -1100. What is the highest common divisor of 12232 and k?
44
Suppose 2880 = -438*z + 456*z. What is the highest common factor of 4640 and z?
160
Suppose 27*r = 189*r - 4682 - 31768. Calculate the highest common factor of 324 and r.
9
Let r(y) = 27*y - 8. Let z be r(6). Suppose -4*d - 80 = -5*d + i, 89 = d - 4*i. Calculate the greatest common divisor of z and d.
77
Suppose 4*r - 235 + 47 = -4*d, -3*r = -5*d + 275. Let o be (-41528)/(-537) + (-2)/(-3). Calculate the highest common factor of d and o.
26
Let t = 8875 - 8620. Calculate 